at is p(4)?
3
Let m(u) = u**3 + 7*u**2 - 9*u - 2. Let f be (-10)/8 - 297/44. Let p be m(f). Let x be (p/(-4))/(5/(-10)). Let l(v) = -v**3 + 2*v**2 + 4*v - 4. Calculate l(x).
-1
Let t(y) = -y**3 - 3*y**2 - 2*y - 13. Suppose 0 = -2*x + 2*a - 14, -3*x = 3*a - 259 + 268. Determine t(x).
47
Let x = -831 - -833. Let j(r) = -2 - r + 4 - r**x + 2*r**2 + 13 - 17. Calculate j(-5).
28
Suppose 511*c = 514*c - 3*m + 6, 0 = 5*c + 2*m + 52. Let r(y) = -6*y + 54. Let t(u) = u - 11. Let g(n) = -3*r(n) - 16*t(n). Determine g(c).
-2
Let g(b) = 0*b**2 + 2 + 5*b - 8*b**2 - 15*b + b**3. Let q be g(9). Let l(d) = -2 - d**3 - 5*d**2 - 6*d + 0 - 3*d**2. Give l(q).
-9
Let w(p) = -20*p - 194. Suppose -79 + 55 = x + 3*o, 3*o - 12 = 3*x. Determine w(x).
-14
Let x(y) = y**2 + 10*y - 142. Let u be x(-18). Let o(r) = -2 - u*r**2 + 45*r**3 + 35*r**3 - 81*r**3. Suppose 8 = 5*g + 23. What is o(g)?
7
Let l(t) = 3*t**2 + t**3 - 4*t**2 + 21694 - 21695. Let j(k) = 2*k**3 + 4*k - 9. Let r(a) = -j(a) + 3*l(a). Calculate r(4).
6
Let s(j) = -j**3 + 19*j**2 + 42*j + 3. Let f be s(21). Suppose l + 11 = 3*r - 3*l, 0 = f*r + l + 14. Let n(g) = -6*g - 1. Determine n(r).
17
Let x(k) be the first derivative of k**5/20 + k**4/12 + 7*k**2/2 + 34*k - 51. Let u(i) be the first derivative of x(i). Determine u(0).
7
Let g(c) be the third derivative of 0 + 1/60*c**5 + 1/3*c**3 + 1/8*c**4 - c**2 + 54*c. Calculate g(-4).
6
Let g = 254 - 258. Let n(p) be the second derivative of -p**6/360 + p**5/120 + p**4/8 + 5*p**3/2 - 10*p. Let m(u) be the second derivative of n(u). Give m(g).
-17
Let p(k) = 0*k**2 - 259400535*k - k**2 + 259400546*k + 2. Suppose -a + 2*c = -17, 3*a + 0*a = -3*c + 24. Calculate p(a).
2
Let a(p) = p + 10. Let z be a(-10). Suppose -c + z = 1. Let y(r) = 3*r**3 - 1433 + r**2 - 2*r + 1432 + r. Give y(c).
-2
Suppose -75 = -7*c + 121. Suppose 5*t - c = -5*r + 8*t, -6 = -r + t. Let v(m) = -m**3 + 6*m**2 - 23. What is v(r)?
2
Let x be ((-40)/80)/((-2)/(-12) + 2/6). Let l(y) = 2*y**3 + 2*y**2 + 8*y + 7. What is l(x)?
-1
Let t(y) = -y**3 - 2*y**2 - 2*y + 1. Let z be 29/(3/(4 - 1)). Suppose -z*u + 16 = -33*u. Let g be 4 + u - (4 - 2). Determine t(g).
5
Let g(q) be the third derivative of q**5/60 + q**4/24 - q**3/2 + q**2. Let b = -315 + 166. Let k = 145 + b. What is g(k)?
9
Let s(g) = 13*g**3 - 6*g**2 - 71*g + 35. Let l(f) = 6*f**3 - 3*f**2 - 35*f + 17. Let z(t) = 11*l(t) - 5*s(t). Calculate z(7).
-2
Let a = -679 + 669. Let s be (-4 + -5)*(-2)/9. Let q(b) = -5*b - 5*b - 1 - b**2 + 1 + s. Determine q(a).
2
Let u = -10756 + 10759. Let l(d) be the first derivative of 2/3*d**u + d + 3/4*d**4 + d**2 - 26. What is l(-1)?
-2
Let y(a) = -40*a - 1. Let h = -1962 - -1961. Calculate y(h).
39
Suppose 24*z + 78 = 4*l + 19*z, -2*l + 48 = 2*z. Let d(p) = p**2 - 19*p - 53. What is d(l)?
13
Let f(v) be the second derivative of -v**4/2 + v**3/6 - v**2/2 - 2*v - 34. Let z be (-69)/46*(1 + (-1)/(-3)). Determine f(z).
-27
Let y(i) be the third derivative of i**7/840 - i**6/72 - i**5/120 - i**4/6 + 35*i**3/3 + 70*i**2. Let p(f) be the first derivative of y(f). Determine p(5).
-9
Let w(a) = a**3 + 2*a**2 - 2*a - 3. Let b be w(-3). Let n(g) = -21*g - 362. Let d be n(-19). Let u(f) = -8*f + 3 - 2 + d*f + 2*f**2 - f**2 - 21*f. Give u(b).
-11
Suppose g - 5 = -4*g. Suppose -5*n = -5*b + 30, -35*b - 2 = 3*n - 34*b. Let t be g/(3/(-1) - n). Let w(s) = 7*s**2 + s + 1. Determine w(t).
7
Let d = 4864 + -4838. Let t(f) = -2*f**3 + 54*f**2 - 55*f + 80. Calculate t(d).
2
Suppose o + 5*h - 66 = 0, -3*o + 156 = -h + 2*h. Let y be (-5)/(-4) - o/(-68). Let l(t) = 3*t + 0*t + 7 + y*t**3 - 9 - 4*t**2. Give l(2).
4
Let l(m) = 263*m**3 - 17*m - 14*m**2 - 95*m**3 - 84*m**3 + 3 - 83*m**3. What is l(15)?
-27
Let h(q) = 1183*q + 87. Let w(v) = -3351*v - 263. Let k(r) = -17*h(r) - 6*w(r). Calculate k(16).
19
Let v = 185 + -185. Suppose v = -6*x + 9*x + 9. Let b(h) = -5*h - 3. Give b(x).
12
Let r(f) = -17*f**2 - 37*f - 56. Let x(k) = 5*k**2 + 12*k + 19. Let o(g) = 2*r(g) + 7*x(g). Let z be o(-4). Let m(v) = v**3 + 5*v**2 + 3*v + 2. Give m(z).
11
Let k(w) = 36*w - 4 + 34*w - 80*w + w**2 + 14*w. Determine k(-5).
1
Let n = -7183 + 7185. Let j(a) be the first derivative of -3*a + 1/4*a**4 + 9/2*a**n - 10/3*a**3 - 20. Give j(9).
-3
Let z(c) = -14*c + 3. Let q = 442 + -437. Suppose 6 = -2*h, 0 = -q*f - 6*h + h. Determine z(f).
-39
Let d = 1 + -26. Let b be 2/10 - (-105)/d. Let v(x) = -4 + 7*x**2 + x**2 + 3*x - 7*x**2. Calculate v(b).
0
Let l(r) = -15*r**2 + 163*r + 29. Let d be l(11). Let j(c) = c**3 - 9*c**2 + 3*c + 10. What is j(d)?
-67
Let a(v) be the first derivative of v**3/3 + 3*v**2/2 + 60*v + 472. Give a(0).
60
Let b(w) = 3*w + 5. Let f(y) = 45*y + 10. Let o(l) = b(l) - f(l). Calculate o(1).
-47
Let t(r) = -r**3 + 20*r**2 - 20*r + 25. Let f(g) = -4*g**3 + 25*g**2 - 12*g + 55. Let h be f(6). What is t(h)?
6
Let y(l) be the third derivative of -l**6/120 + 7*l**5/30 + 2*l**2 - 87. Determine y(14).
0
Let s(y) = 30*y - 74. Suppose 0 = -9*c - 57 + 43 + 41. Calculate s(c).
16
Let n(z) = -4*z - 49. Let i = 4389 - 4401. Calculate n(i).
-1
Let u(l) = 135*l - 38*l - 48*l - 45*l. Let r(y) = 3*y**2 - 2*y + 1. Let c be r(1). Let v = 1 - c. Give u(v).
-4
Let q(h) = h**2 - 4*h - 4. Suppose -4*r + 0*r - 4*g = 64, -2*r + 2*g = 24. Let k be (-1089)/(-231) + (-4)/r. Calculate q(k).
1
Let j(o) = 8*o**2 + 13*o - 10. Let k(c) be the third derivative of -7*c**5/60 - 5*c**4/12 + 3*c**3/2 + 92*c**2. Let b(w) = -5*j(w) - 6*k(w). What is b(4)?
8
Let f(z) = z**2 - 8*z - 4. Let p be -2 + 7/(-14)*(7 - -1). Let v(n) = -n - 14. Let b be v(p). Let k be (b/(-10))/((1*-3)/(-30)). Determine f(k).
-4
Let n(z) = -4*z - 3. Let t = 21 - 22. Let d be -2 + (-2 - t) + 11. Suppose d*p - 70 = -38. Calculate n(p).
-19
Let y(v) = 5*v + 2. Suppose 0 = 13*m - 17*m - 4*q - 1056, 796 = -3*m + q. Let k = 266 + m. What is y(k)?
7
Let r(m) = 2*m + 7. Let p(j) = 87*j + 81*j + 402 + 77*j - 256*j. Let o be p(36). Give r(o).
19
Let k(h) = -4 + 4 + 16*h - 5 + 3 + 9. Calculate k(2).
39
Suppose -6 = -2*g + 3*g. Let v be 1*((-67)/(-4) - 4/(-16)). Let a(h) = 15*h - v*h + 313 - 318. Determine a(g).
7
Let f(i) = 4*i + 4. Let b(w) = -101*w + 512. Let r be b(5). Give f(r).
32
Let n(o) = -5*o + 5. Let s = -400 + 400. Let r be s + 84/10 - 136/340. Calculate n(r).
-35
Let j(t) be the second derivative of -1/360*t**6 - 24*t - 1/2*t**4 + 0*t**3 + 0 - 1/30*t**5 + 0*t**2. Let p(i) be the third derivative of j(i). Determine p(-5).
6
Let n(b) be the third derivative of 17*b**4/24 - 115*b**3/6 + 2*b**2 - 208*b. Give n(7).
4
Let d(s) = 14*s**2 + 13*s + 50. Let o(r) = 5*r**2 + 4*r + 17. Let q(i) = -4*d(i) + 11*o(i). Let v be q(-7). Let l(u) = -u**2 - 8*u + 1. Determine l(v).
13
Let r(n) = 99*n + 13654. Let f be r(-138). Let b(a) = -6*a - 31. Determine b(f).
17
Suppose -24*x + 16 = 2*k - 26*x, -8*k + 36 = -x. Let i(a) = a**3 - 3*a**2 - 2*a - 15. Determine i(k).
-7
Suppose 18*s - 77*s - 48*s = 69*s. Let n(t) = -t**2 + 3*t - 28. Give n(s).
-28
Let q = 54 - 52. Let u = 0 + 5. Suppose q*z + 42 = -u*z. Let w(g) = -g**3 - 5*g**2 + 5*g. Give w(z).
6
Suppose 25*w = 29*w - 8. Let s(v) = 16 - 18 + v**w - 8*v + 8. What is s(5)?
-9
Let t(x) = -x**3 + 6*x**2 - 3*x + 11. Let w(a) = a**2 - 225*a - 2591. Let m be w(-11). Determine t(m).
21
Let d be (-2)/15 + (-1397)/(-15). Suppose -4*w + d = -7. Let m = -23 + w. Let l(t) = -t**2 + 1. Give l(m).
-3
Let c(l) be the first derivative of -5*l**3/3 + 13*l**2 - 4*l - 2493. Determine c(6).
-28
Let q = -77 + 73. Let m(w) = 3*w. Let x(t) = 28*t - 49*t + 20*t. Let s(k) = q*m(k) - 11*x(k). Give s(-8).
8
Let m(i) = -15*i**2 + 11*i - 28. Let q(c) = -105*c**2 + 75*c - 189. Let v(p) = -27*m(p) + 4*q(p). What is v(1)?
-12
Let m(j) = 6 - 221*j**2 - 8*j + 6*j + 214*j**2 - j - j**3. Suppose 4*i - 24 = 2*z, -4*i - 4 - 2 = 3*z. Calculate m(z).
-12
Let a(x) = -x**2 - 3*x - 1. Let j(r) = 5*r**2 + 11*r + 3. Let v(b) = -9*a(b) - 2*j(b). Let m be (-768)/320*(-20)/3 + -9. Give v(m).
-11
Let s(r) = r**3 - 25*r**2 - 3*r + 76. Let k(m) = -m**2 - 10*m + 36. Let t be k(-11). Let p be s(t). Let h(f) = 52*f**2 - f. Give h(p).
51
Let w(g) = 36*g + 715. Let t = -20298 + 20278. Determine w(t).
-5
Let v(t) = -296*t - 25 + t**2 + 285*t + 37 + 0*t**2. What is v(11)?
12
Let t(n) = 3*n**3 - n**2 + n + 1. Suppose 20*p + 724 